0 + 2. Give v(-7).
-5
Let k(b) = -b + 7. Let t be 755/(-45) - 2/9. Let j be 4/(-6) + t/(-3). Calculate k(j).
2
Suppose 0 = 11*o + 2 - 35. Let f(p) = 4*p + 7. Let t(d) = -3*d - 6. Let j(g) = -6*f(g) - 7*t(g). Determine j(o).
-9
Let r = 18 + -13. Let x(t) be the third derivative of t**4/12 + 5*t**3/6 - 2*t**2. Determine x(r).
15
Let u(j) = 6*j**2 + j. Let n(y) = -y - 8. Let h be n(-7). Give u(h).
5
Suppose -3 = 5*d - a, 5*d - 3*a + 3 = -6. Let z(j) = -j + 21. Determine z(d).
21
Let x(t) = -t - 4. Suppose 18 - 33 = 3*n. Determine x(n).
1
Let b(v) = 11*v**2 + v. Let j(g) = -g**3 - 14*g**2 - 15*g - 25. Let p be j(-13). Determine b(p).
12
Let s(v) be the second derivative of 0*v**3 + 0 + 1/12*v**4 - 2*v + 0*v**2. Calculate s(2).
4
Let x(w) = w**2 + 1. Let f(u) = -5*u**2 - u - 5. Let c(y) = 2*f(y) + 9*x(y). What is c(-4)?
-9
Let g(m) = -m. Let t(w) = 25*w - 8*w - 3 - 12*w. Let u(h) = 4*g(h) + t(h). Give u(6).
3
Let o be -6*3*(-6)/27. Suppose -1 + 6 = 5*i - v, 0 = -5*i + o*v - 10. Let x(j) = j**3 - j**2 - 6*j + 5*j**i - 2 - 2. Calculate x(-5).
1
Let k(q) = -2*q + 1. Suppose 6*o + 7 = 2*o - d, 6 = -4*o - 2*d. Give k(o).
5
Let l = -27 - -12. Let q be 1/(3 - l/(-6)). Let s(m) = 2*m**2 - 2*m. What is s(q)?
4
Let x(f) = f + 9 + 2*f - 4 - 2 - f**2. Determine x(4).
-1
Let u(b) = 4*b + 5. Let g(z) = -13*z - 15. Let x(t) = -2*g(t) - 7*u(t). What is x(-8)?
11
Suppose 5*f - 3 = 7. Suppose f*n - 3*l + 14 = 0, 5 = 2*n + 2*l - 1. Let r(u) = -3*u**2. Determine r(n).
-3
Suppose 5*l = -0*f - 4*f + 11, 5*l = -2*f + 3. Let j(t) = -t**3 + 3*t**2 + t. Determine j(f).
-12
Let o(x) be the third derivative of x**6/120 + x**5/10 - x**4/6 + 3*x**3/2 + 5*x**2. Let u(t) = -t**2 + t. Let q(p) = -o(p) - 5*u(p). Determine q(0).
-9
Let q(j) = 2*j**2 - 5*j - 2. Let v(s) = 3 - 3*s**2 + 6*s - 5 + 4. Let z = -23 + 27. Let f(o) = z*v(o) + 5*q(o). What is f(-2)?
-8
Suppose -25 = -4*m - m, -7 = -2*o - 3*m. Suppose 3*x = 2*k - 5, -2*x - 3*k + 8 = -6. Let i(y) = 2*y - x + 2 + 1. Give i(o).
-6
Let x(d) = -3*d**2 - 3*d - 49. Let o(g) = g**2 + g + 16. Let r(l) = -7*o(l) - 2*x(l). Give r(0).
-14
Let j(z) be the first derivative of z**4/24 - 5*z**3/6 + z**2/2 + 5. Let b(x) be the second derivative of j(x). Determine b(0).
-5
Let f be (0/(0 + 4))/(-2). Let w(j) = -j**3 + j - 4. Determine w(f).
-4
Let l(o) be the third derivative of -o**5/60 + o**4/4 - 7*o**3/6 - 15*o**2. What is l(5)?
-2
Let h(d) = 50*d**2 + 4*d - 2*d - 53*d**2 - 4 + d**3 + 3. Determine h(2).
-1
Let o(w) = w**3 - 7*w**2 + 2. Let t(h) = h**3 - 8*h**2 - h + 3. Suppose 4*s - 4 = 5*s. Let c(d) = s*o(d) + 3*t(d). Let z = 5 - 2. What is c(z)?
1
Let y(c) = -c**2 - 6*c + 2. Let x be y(-6). Suppose 0 = -2*n - x*z + 10, -z = -3*n - 2*z + 13. Let l(k) = -k + 0*k - n*k - 6 + k**2. Determine l(5).
-6
Let s(h) be the second derivative of h**5/20 + 5*h**4/12 - h**3 - 3*h**2/2 + 54*h. Let l(a) = -2*a. Let q be l(3). Calculate s(q).
-3
Let c(i) = i**3 - 5*i**2 - i + 7. Let v be c(5). Let h(a) = 0 - 6*a**v + 0 + 4 - a - 2*a - a**3. Determine h(-5).
-6
Let j be ((-4)/7)/((-12)/42). Let v(a) = 13*a - 12*a - a**2 - a**j. Give v(2).
-6
Suppose -3 = -2*j + 5. Let m(u) = u**2 - 4*u + 2. Let h be m(j). Let w(n) = 3*n**2 - 3*n. Calculate w(h).
6
Let a(r) = r**3 + 2*r**2 - r - 3. Suppose 3*l - 5*l + 4 = u, -3*l - 5*u = 8. Suppose -2*x + l = 10. What is a(x)?
-9
Let z be (-7)/((-14)/4) + 30. Let b be (-6)/21 + z/14. Let n(u) = u**2 - 2*u + 2. Determine n(b).
2
Let n(l) = -3 + l**3 + 6*l**2 + 0*l**3 - l**2 + l - 2*l**3. Determine n(5).
2
Suppose 5*g = 4*w - 33, 3*w + 17 = -w - 5*g. Let k(j) = -j**3 + 5 + 6*j + 0*j**3 - 3*j**w + 0*j**3. Suppose -s + 4*s = -12. Calculate k(s).
-3
Let v(a) = 5*a - 10. Let t be v(6). Let q be (1/(-2))/((-1)/10). Suppose 0*u - t = q*u. Let g(r) = 2*r + 5. Give g(u).
-3
Suppose 2*l = 4 - 0. Let p(v) = 5*v + 0 - v**l - 2 - 2. Suppose 2*x - 5*b - 14 = 18, x - 26 = 5*b. What is p(x)?
-10
Let i(k) = -8*k + 5. Let c(n) = 9*n - 6. Let q = -6 - 0. Let s(o) = q*c(o) - 7*i(o). Suppose -3*f = -2*l + 7, 0*l + 3*l = 2*f - 2. Calculate s(l).
-7
Let k(w) = -w**2 - 15*w + 6. Let z(d) = d**2 + 14*d - 5. Let x(r) = 2*k(r) + 3*z(r). What is x(-12)?
-3
Let c(v) = 2*v - 8. Let g = -104 - -110. What is c(g)?
4
Let r = -18 + 12. Let k = r - -8. Let f(x) = 6*x + 1. What is f(k)?
13
Let s(i) = 4 + 13*i - 6*i - 8*i. Calculate s(4).
0
Suppose y - 5*w = -11 - 1, 3*w = -4*y - 2. Let c(m) = m**3 + 7*m**2 + 7*m + 6. Let h be c(-6). Let z(f) = -2 - f + h - f**2 + f**3 + 2*f**2. What is z(y)?
-4
Let t(j) = j - 1. Let l(n) = -4*n + 9. Let g be 4/6 - 20/(-6). Let f be g/(-1)*(-3)/(-4). Let p(z) = f*t(z) - l(z). Determine p(3).
-3
Let n(g) = g**3 + 8*g**2 - g + 5*g - 4*g**2 - g - 2. Let c(z) = -z**3 - 3*z**2 - 3*z + 2. Let b(f) = 5*c(f) + 4*n(f). What is b(2)?
-8
Let i = -1 + -3. Let j = 4 + i. Suppose 4 + j = -4*r. Let x(h) = -2*h**2 + h. Calculate x(r).
-3
Suppose 3*g + 0*g + 4*s + 8 = 0, -5*s = 4*g + 11. Let r = -1 + 1. Let n = g + r. Let l(w) = w**3 + 3*w**2 - 5*w - 4. Calculate l(n).
0
Suppose 2*i + 3*j = -4, 5*i + 5*j = -0*i - 15. Let k = i - -7. Suppose 4*u + 2 = -2*v + 3*u, -k*v - 4*u + 4 = 0. Let x(n) = 4*n. Give x(v).
-8
Let w(k) = 5*k - 4. Let u(o) = 15*o - 11. Let q(l) = -4*u(l) + 11*w(l). Let y = -11 + 12. Let c = 2 - y. Determine q(c).
-5
Let g(h) = h**2 - 11*h + 6. Let f be g(11). Let l(z) = z**3 - 6*z**2 - 5. Give l(f).
-5
Let x(y) = -3*y**2 - 6*y**3 + y + 0*y + 7*y**3 - 1. Give x(3).
2
Let z(s) = -3*s - 2*s + 4*s + 0*s. Calculate z(-6).
6
Let b(j) = 3*j**3 - j + 5. Let z(x) = -1. Let g = -4 + 10. Suppose 25 = -g*s + s. Let n(u) = s*z(u) - b(u). Give n(-1).
2
Let a(n) = -6 + 5 + 0 + n + 0. Determine a(-4).
-5
Let j(m) be the second derivative of 1/20*m**5 - 1/2*m**2 - 2/3*m**3 + 0 + 4*m + 1/12*m**4. Determine j(-3).
-7
Suppose -2*o + 0*o + 3 = -3*i, 0 = o + 3*i - 15. Let r(v) = -6*v**2 - 14*v**3 - 7 - 4 + 15*v**3 + 7. Calculate r(o).
-4
Suppose -14 = 7*f + 14. Let b(n) = -n**3 - 3*n**2 + 4*n - 3. Determine b(f).
-3
Let q(w) = 4*w - 2 - 7*w**3 + 1 + 6*w**3 - w**2. Determine q(-3).
5
Suppose -9*a = -10*a + 9*a. Let p(x) = 7*x**3 + 7*x + 13. Let u(r) = -20*r**3 - 20*r - 38. Let f(h) = 17*p(h) + 6*u(h). What is f(a)?
-7
Let c(l) = -4*l - 2. Let b be (9/9)/(2/(-6)). Calculate c(b).
10
Suppose -5*q + 0*q - 2*g = -4, 0 = -4*q - g + 5. Let u(v) = v**3 - 3*v**2 + 2*v - 2. Calculate u(q).
-2
Let u(v) = 4. Let k(i) = -i**2. Let z(x) = -k(x) - u(x). Suppose -112*p + 115*p = 0. Determine z(p).
-4
Let o(a) = -a**2 + 3*a + 2. Let i be o(4). Let j(m) = -1 + 2 - m + 0 - m**2. Calculate j(i).
-1
Let a(v) = 7*v**3 + 2*v**2 + 2*v + 1. Suppose 9 = -5*n + 4*f, 2*n - 2 = -3*f - 1. Give a(n).
-6
Let o(m) be the first derivative of -m**3/3 + 5*m**2/2 + m - 11. Give o(6).
-5
Let p(n) = 26 + 2*n - n - 30. Calculate p(-7).
-11
Let w = 1 - 3. Let d(k) = -3*k + 1. Determine d(w).
7
Let g(k) = k**3 + k**2 - k - 1. Let b = -14 + 12. Determine g(b).
-3
Let t(s) = -s + 6. Let n be t(0). Let w(v) = 20 - 4*v - n - 13. Determine w(1).
-3
Let f be 2*21/6 + -4. Let z(p) = -2*p**3 - 3*p**2 - 3*p - 3. Let c be z(-2). Let y(q) = 3 + f*q + 3*q - c*q. Determine y(-5).
8
Let s(p) be the second derivative of -p**6/360 - p**5/40 + p**4/12 + p**3/3 - 2*p. Let g(a) be the second derivative of s(a). Give g(-5).
-8
Let f = -2 + 6. Suppose f = 2*w + 2*w. Let a(k) be the first derivative of -5*k**3/3 - k**2 + k + 2. What is a(w)?
-6
Let a(r) = -r**2 - r + 1. Suppose -d - 8 = 3*d. Let c be (1/d)/((-4)/(-8)). Let h(g) = -g**3 + 7*g**2 + 10*g - 10. Let n(f) = c*h(f) - 3*a(f). Calculate n(5).
-3
Let i(a) = -a**3 - 3*a**2 - a - 2. Suppose -5*q - 30 = 3*n - 11, -2*n - 5*q - 16 = 0. Give i(n).
1
Suppose 0*g + 3*t + 6 = -3*g, g = 3*t - 6. Let d(r) = r - 1. Let n be d(g). Let p = 5 + n. Let a(i) = 8*i - 1. Calculate a(p).
7
Let j(s) be the third derivative of -s**6/40 + s**5/60 + s**4/24 - 2*s**2. Let l = 4 + -2. Suppose -i - 3 = l*i. Determine j(i).
3
Let j(x) be the third derivative of x**4/24 + x**3/3 - 6*x**2. Calculate j(2).
4
Let w(i) be the second derivative of i**4/12 - 2*i**3/3 - 7*i**2/2 - i. Determine w(5).
-2
Suppose -13 - 2 = -5*o. Let v(c) = -4 - c**3 + 2*c**2 + 1 + 3*c**2 + 0*c**3 - o*c. Let s(f) = -5*f - 1. Let k be s(-1). Give v(k).
1
Suppose -2*n = -5 - 5. Let v(k) = -k + 7*k**2 - n*k - 1